 385.
13
Calculate the remainder when 6831089 is divided by 882.
881
What is the remainder when 141385 is divided by 115?
50
What is the remainder when 1924539 is divided by 3936?
3771
What is the remainder when 305515 is divided by 1012?
903
What is the remainder when 1979826 is divided by 1197?
1185
Calculate the remainder when 14650 is divided by 6570.
1510
Calculate the remainder when 793326 is divided by 72119.
17
What is the remainder when 352394 is divided by 476?
154
Calculate the remainder when 41915952 is divided by 27.
18
What is the remainder when 5979 is divided by 4414?
1565
Calculate the remainder when 1520770 is divided by 2142.
2092
Calculate the remainder when 3561388 is divided by 2592.
2572
Calculate the remainder when 7456187 is divided by 465.
377
Calculate the remainder when 6344163 is divided by 14998.
9
Calculate the remainder when 19943306 is divided by 9971652.
2
What is the remainder when 1674007 is divided by 334800?
7
What is the remainder when 6891541 is divided by 488?
5
Calculate the remainder when 4095450 is divided by 48.
42
What is the remainder when 3553095 is divided by 5319?
3
Calculate the remainder when 2488159 is divided by 15.
4
What is the remainder when 1508948 is divided by 502557?
1277
What is the remainder when 373879 is divided by 515?
504
Calculate the remainder when 13438757 is divided by 73839.
59
What is the remainder when 130003 is divided by 41280?
6163
What is the remainder when 1176838 is divided by 195887?
1516
What is the remainder when 16383173 is divided by 269?
266
What is the remainder when 2445059 is divided by 1785?
1394
Calculate the remainder when 3463999 is divided by 433.
432
What is the remainder when 3663117 is divided by 2005?
1987
What is the remainder when 828116654 is divided by 107?
105
What is the remainder when 56664 is divided by 18541?
1041
What is the remainder when 5133418 is divided by 79?
77
Calculate the remainder when 3940469 is divided by 4025.
4019
What is the remainder when 178754 is divided by 29626?
998
Calculate the remainder when 96072641 is divided by 68.
65
Calculate the remainder when 49950 is divided by 67.
35
Calculate the remainder when 5214925 is divided by 48.
13
Calculate the remainder when 13523 is divided by 13120.
403
What is the remainder when 4932665 is divided by 4932481?
184
What is the remainder when 807916 is divided by 421?
17
Calculate the remainder when 10858 is divided by 8017.
2841
Calculate the remainder when 11241685 is divided by 1608.
157
What is the remainder when 5294326 is divided by 756290?
296
What is the remainder when 205739 is divided by 2859?
2750
Calculate the remainder when 1207933 is divided by 1239.
1147
What is the remainder when 326627 is divided by 17?
6
What is the remainder when 408738 is divided by 408707?
31
What is the remainder when 13904 is divided by 1258?
66
Calculate the remainder when 191922 is divided by 38381.
17
Calculate the remainder when 293430 is divided by 10445.
970
What is the remainder when 539042 is divided by 121?
108
Calculate the remainder when 38247308 is divided by 33.
11
Calculate the remainder when 2564932 is divided by 366.
4
Calculate the remainder when 597652772 is divided by 411.
410
What is the remainder when 6259522 is divided by 161?
3
What is the remainder when 122021 is divided by 499?
265
Calculate the remainder when 421130 is divided by 5196.
254
Calculate the remainder when 11983723 is divided by 65.
63
Calculate the remainder when 34643472 is divided by 8514.
6
Calculate the remainder when 7915651 is divided by 1956.
1675
What is the remainder when 13265462 is divided by 780319?
39
What is the remainder when 1377164 is divided by 624?
620
Calculate the remainder when 6853810 is divided by 95191.
58
Calculate the remainder when 5871 is divided by 424.
359
What is the remainder when 4080654 is divided by 5?
4
Calculate the remainder when 40046 is divided by 1903.
83
Calculate the remainder when 4856449 is divided by 206.
205
Calculate the remainder when 73615 is divided by 1418.
1297
What is the remainder when 8391 is divided by 2772?
75
What is the remainder when 283386 is divided by 35413?
82
Calculate the remainder when 403581 is divided by 559.
542
Calculate the remainder when 11203706 is divided by 6786.
20
What is the remainder when 147292291 is divided by 205?
201
Calculate the remainder when 77502 is divided by 1119.
291
Calculate the remainder when 418217 is divided by 8043.
8024
Calculate the remainder when 4331963 is divided by 62.
23
Calculate the remainder when 9883097 is divided by 9883081.
16
What is the remainder when 14565838 is divided by 16?
14
Calculate the remainder when 1266524 is divided by 97423.
25
Calculate the remainder when 451442 is divided by 12988.
9850
Calculate the remainder when 19491877 is divided by 671.
669
Calculate the remainder when 542959 is divided by 3.
1
What is the remainder when 87811 is divided by 1276?
1043
Calculate the remainder when 892945 is divided by 297239.
1228
What is the remainder when 2858893 is divided by 100?
93
Calculate the remainder when 4433997 is divided by 63.
57
Calculate the remainder when 327360 is divided by 162833.
1694
Calculate the remainder when 10813264 is divided by 2969.
166
What is the remainder when 9483600 is divided by 708?
648
What is the remainder when 18135521 is divided by 439?
431
Calculate the remainder when 5497915 is divided by 1440.
1435
Calculate the remainder when 625724177 is divided by 458.
455
What is the remainder when 10721492 is divided by 824728?
28
What is the remainder when 186205190 is divided by 7?
3
What is the remainder when 1485608 is divided by 46?
38
What is the remainder when 3806786 is divided by 6?
2
Calculate the remainder when 309578 is divided by 877.
874
What is the remainder when 10681 is divided by 3501?
178
Calculate the remainder when 1243260 is divided by 27026.
64
What is the remainder when 2144546 is divided by 2550?
2546
What is the remainder when 248247 is divided by 1306?
107
Calculate the remainder when 337036 is divided by 42113.
132
Calculate the remainder when 117705795 is divided by 27.
24
What is the remainder when 524325 is divided by 1351?
137
What is the remainder when 97200 is divided by 18407?
5165
What is the remainder when 2052511 is divided by 1026250?
11
Calculate the remainder when 1496745 is divided by 1346.
1339
Calculate the remainder when 215120188 is divided by 438.
430
What is the remainder when 5028995 is divided by 4994?
37
Calculate the remainder when 19475538 is divided by 5431.
5403
Calculate the remainder when 2706277 is divided by 2458.
19
Calculate the remainder when 439629 is divided by 87898.
139
What is the remainder when 47822 is divided by 23698?
426
Calculate the remainder when 127817090 is divided by 63908541.
8
Calculate the remainder when 1227704 is divided by 409215.
59
Calculate the remainder when 5572641 is divided by 231.
228
Calculate the remainder when 9135371 is divided by 3045111.
38
What is the remainder when 156491 is divided by 31247?
256
Calculate the remainder when 426010 is divided by 991.
871
What is the remainder when 12933086 is divided by 1684?
1650
Calculate the remainder when 216655 is divided by 108289.
77
Calculate the remainder when 25581689 is divided by 118.
115
What is the remainder when 2931708 is divided by 16741?
2033
Calculate the remainder when 35428 is divided by 282.
178
Calculate the remainder when 79999 is divided by 39809.
381
What is the remainder when 2431977 is divided by 11?
9
What is the remainder when 141313590 is divided by 285482?
0
What is the remainder when 255840 is divided by 318?
168
Calculate the remainder when 8963 is divided by 3609.
1745
Calculate the remainder when 715461 is divided by 131.
70
Calculate the remainder when 343323965 is divided by 9383.
9378
Calculate the remainder when 158747 is divided by 79318.
111
Calculate the remainder when 3531099 is divided by 2585.
2574
What is the remainder when 471880 is divided by 33643?
878
Calculate the remainder when 186391329 is divided by 95.
94
What is the remainder when 28542954 is divided by 14271473?
8
Calculate the remainder when 5564729 is divided by 224.
121
What is the remainder when 4469716 is